{"id":114,"date":"2014-01-01T10:42:43","date_gmt":"2014-01-01T08:42:43","guid":{"rendered":"http:\/\/kbfv.stclemens-kaldenkirchen.de\/?page_id=114"},"modified":"2014-09-22T14:36:14","modified_gmt":"2014-09-22T12:36:14","slug":"geschichte-2","status":"publish","type":"page","link":"http:\/\/kbfv.stclemens-kaldenkirchen.de\/?page_id=114","title":{"rendered":"Geschichte der Bibliothek"},"content":{"rendered":"<p>Die historische Bibliothek des Brigittenklosters Maria Frucht<\/p>\n<p>Eine Reihe von gl\u00fccklichen, aber historisch im Detail nachzuvollziehenden Zuf\u00e4llen ist es zu danken, da\u00df die historische Bibliothek des Kaldenkirchener Brigittenklosters Maria Frucht nicht das gleiche kl\u00e4gliche Schicksal erlitt, wie die meisten anderen linksniederrheinischen Klosterbibliotheken.<br \/>\nW\u00e4hrend beispielsweise von der einstmals sicher noch gr\u00f6\u00dferen Bibliothek des Br\u00fcggener Kreuzherrenklosters, es war immerhin lange Zeit Studienort der Novizen des Ordens, kein Blatt erhalten blieb und auch im Gebiet des gesamten heutigen Kreises Viersen von den zahlreichen, dort einstmals vorhandenen Kl\u00f6stern kaum nennenswerte Bibliotheksreste bekannt sind, ist die Kaldenkirchener Klosterbibliothek mit ihren weit \u00fcber 700 B\u00e4nden ein kulturelles Erbe am Niederrhein von einzigartigem Wert.<br \/>\nDas Kloster war 1625 mit durchaus gegenreformatorischen Absichten durch zahlreiche Verg\u00fcnstigungen des Wittelsbachschen Herzogs von J\u00fclich und Berg Wolfgang Wilhelm gegr\u00fcndet worden. Die Niederlassungen des Salvator-\u00a0 oder volkst\u00fcmlich\u00a0 Brigitten-Ordens\u00a0 (benannt nach der Ordensgr\u00fcnderin Brigitta von Schweden) sind im Rheinland l\u00e4ngst nicht so zahlreich wie etwa die Kl\u00f6ster der Benediktiner, der Franziskaner oder der Augustiner. Kl\u00f6ster des Brigittenordens gab es in K\u00f6ln, in der N\u00e4he von Bonn, in Kaikar und das Mutterkloster Marienbaum bei Xanten.<br \/>\nDie sp\u00e4te Gr\u00fcndung des Kaldenkirchener Brigittenklosters Maria Frucht im 17. Jahrhundert beeinflu\u00dft und bestimmt auch seine Bibliothek. Illuminierte Handschriften, gar solche aus einer eigenen Schreibstube, kann man zu dieser Zeit nicht mehr erwarten. Die B\u00fccher der Kaldenkirchener Brigittenbibliothek sind \u00fcberwiegend Drucke des 16. &#8211; 18. Jahrhunderts. Sie entsprechen in ihrem Inhalt den Aufgaben und Zielen des Ordens, dessen Priesterm\u00f6nche als Seelsorger und Prediger im Bereich ihrer Niederlassung t\u00e4tig waren.<br \/>\nAn sch\u00f6nen \u00e4lteren Drucken des 16. Jahrhunderts sind mehrere Bibelausgaben bemerkenswert, darunter\u00a0 eine niederl\u00e4ndische mit Holz-schnitten (Antwerpen 1565), herausgegeben von Nicolaus van Wnghe, und die deutsche Johann Dieten-berger-Bibel (K\u00f6ln 1587), gleichfalls mit Holzschnitten verziert, die als erste vollst\u00e4ndige deutsche Bibel\u00fcbersetzung von katholischer Seite der Lutherbibel gegen\u00fcberstand und lange Zeit \u201eDie Katholische Bibel\u201c war.<\/p>\n","protected":false},"excerpt":{"rendered":"<p>Die historische Bibliothek des Brigittenklosters Maria Frucht Eine Reihe von gl\u00fccklichen, aber historisch im Detail nachzuvollziehenden Zuf\u00e4llen ist es zu danken, da\u00df die historische Bibliothek des Kaldenkirchener Brigittenklosters Maria Frucht nicht das gleiche kl\u00e4gliche Schicksal erlitt, wie die meisten anderen linksniederrheinischen Klosterbibliotheken. W\u00e4hrend beispielsweise von der einstmals sicher noch gr\u00f6\u00dferen Bibliothek des Br\u00fcggener Kreuzherrenklosters, es &hellip; <a href=\"http:\/\/kbfv.stclemens-kaldenkirchen.de\/?page_id=114\" class=\"more-link\"><span class=\"screen-reader-text\">Geschichte der Bibliothek<\/span> weiterlesen <span class=\"meta-nav\">&rarr;<\/span><\/a><\/p>\n","protected":false},"author":1,"featured_media":0,"parent":0,"menu_order":0,"comment_status":"closed","ping_status":"closed","template":"","meta":[],"_links":{"self":[{"href":"http:\/\/kbfv.stclemens-kaldenkirchen.de\/index.php?rest_route=\/wp\/v2\/pages\/114"}],"collection":[{"href":"http:\/\/kbfv.stclemens-kaldenkirchen.de\/index.php?rest_route=\/wp\/v2\/pages"}],"about":[{"href":"http:\/\/kbfv.stclemens-kaldenkirchen.de\/index.php?rest_route=\/wp\/v2\/types\/page"}],"author":[{"embeddable":true,"href":"http:\/\/kbfv.stclemens-kaldenkirchen.de\/index.php?rest_route=\/wp\/v2\/users\/1"}],"replies":[{"embeddable":true,"href":"http:\/\/kbfv.stclemens-kaldenkirchen.de\/index.php?rest_route=%2Fwp%2Fv2%2Fcomments&post=114"}],"version-history":[{"count":3,"href":"http:\/\/kbfv.stclemens-kaldenkirchen.de\/index.php?rest_route=\/wp\/v2\/pages\/114\/revisions"}],"predecessor-version":[{"id":155,"href":"http:\/\/kbfv.stclemens-kaldenkirchen.de\/index.php?rest_route=\/wp\/v2\/pages\/114\/revisions\/155"}],"wp:attachment":[{"href":"http:\/\/kbfv.stclemens-kaldenkirchen.de\/index.php?rest_route=%2Fwp%2Fv2%2Fmedia&parent=114"}],"curies":[{"name":"wp","href":"https:\/\/api.w.org\/{rel}","templated":true}]}}

<p>Die historische Bibliothek des Brigittenklosters Maria Frucht</p>
<p>Eine Reihe von glücklichen, aber historisch im Detail nachzuvollziehenden Zufällen ist es zu danken, daß die historische Bibliothek des Kaldenkirchener Brigittenklosters Maria Frucht nicht das gleiche klägliche Schicksal erlitt, wie die meisten anderen linksniederrheinischen Klosterbibliotheken.<br />
Während beispielsweise von der einstmals sicher noch größeren Bibliothek des Brüggener Kreuzherrenklosters, es war immerhin lange Zeit Studienort der Novizen des Ordens, kein Blatt erhalten blieb und auch im Gebiet des gesamten heutigen Kreises Viersen von den zahlreichen, dort einstmals vorhandenen Klöstern kaum nennenswerte Bibliotheksreste bekannt sind, ist die Kaldenkirchener Klosterbibliothek mit ihren weit über 700 Bänden ein kulturelles Erbe am Niederrhein von einzigartigem Wert.<br />
Das Kloster war 1625 mit durchaus gegenreformatorischen Absichten durch zahlreiche Vergünstigungen des Wittelsbachschen Herzogs von Jülich und Berg Wolfgang Wilhelm gegründet worden. Die Niederlassungen des Salvator-  oder volkstümlich  Brigitten-Ordens  (benannt nach der Ordensgründerin Brigitta von Schweden) sind im Rheinland längst nicht so zahlreich wie etwa die Klöster der Benediktiner, der Franziskaner oder der Augustiner. Klöster des Brigittenordens gab es in Köln, in der Nähe von Bonn, in Kaikar und das Mutterkloster Marienbaum bei Xanten.<br />
Die späte Gründung des Kaldenkirchener Brigittenklosters Maria Frucht im 17. Jahrhundert beeinflußt und bestimmt auch seine Bibliothek. Illuminierte Handschriften, gar solche aus einer eigenen Schreibstube, kann man zu dieser Zeit nicht mehr erwarten. Die Bücher der Kaldenkirchener Brigittenbibliothek sind überwiegend Drucke des 16. &#8211; 18. Jahrhunderts. Sie entsprechen in ihrem Inhalt den Aufgaben und Zielen des Ordens, dessen Priestermönche als Seelsorger und Prediger im Bereich ihrer Niederlassung tätig waren.<br />
An schönen älteren Drucken des 16. Jahrhunderts sind mehrere Bibelausgaben bemerkenswert, darunter  eine niederländische mit Holz-schnitten (Antwerpen 1565), herausgegeben von Nicolaus van Wnghe, und die deutsche Johann Dieten-berger-Bibel (Köln 1587), gleichfalls mit Holzschnitten verziert, die als erste vollständige deutsche Bibelübersetzung von katholischer Seite der Lutherbibel gegenüberstand und lange Zeit „Die Katholische Bibel“ war.</p>

<p>Die historische Bibliothek des Brigittenklosters Maria Frucht Eine Reihe von glücklichen, aber historisch im Detail nachzuvollziehenden Zufällen ist es zu danken, daß die historische Bibliothek des Kaldenkirchener Brigittenklosters Maria Frucht nicht das gleiche klägliche Schicksal erlitt, wie die meisten anderen linksniederrheinischen Klosterbibliotheken. Während beispielsweise von der einstmals sicher noch größeren Bibliothek des Brüggener Kreuzherrenklosters, es &hellip; <a href="http://kbfv.stclemens-kaldenkirchen.de/?page_id=114" class="more-link"><span class="screen-reader-text">Geschichte der Bibliothek</span> weiterlesen <span class="meta-nav">&rarr;</span></a></p>
