{"id":2,"date":"2014-01-01T04:35:09","date_gmt":"2014-01-01T02:35:09","guid":{"rendered":"http:\/\/localhost\/wordpress-3.9.1\/wordpress\/?page_id=2"},"modified":"2014-08-12T21:28:23","modified_gmt":"2014-08-12T19:28:23","slug":"sample-page","status":"publish","type":"page","link":"http:\/\/kbfv.stclemens-kaldenkirchen.de\/?page_id=2","title":{"rendered":"Kontakt"},"content":{"rendered":"<p>&nbsp;<\/p>\n<p><span style=\"font-size: 18pt; font-family: comic sans ms,sans-serif; color: #ff00ff;\">Kirchbauf\u00f6rderverein der Pfarre St. Clemens e.V.<\/span><\/p>\n<p><span style=\"color: #000000;\"><span style=\"line-height: 1.5;\"><table class='simple-table'   \u00a0 style=\"font-size: 14pt; font-family: comic sans ms,sans-serif;\" width='100%'><tbody><tr><td >Anschrift<\/td><td >Kehrstra\u00dfe 30, 41334 Nettetal<\/td><\/tr><tr><td ><\/span><span style=\"line-height: 1.5;\">1. Vorsitzender<\/td><td >Manfred Schomm<\/td><\/tr><tr><td ><\/span><span style=\"line-height: 1.5;\">2. Vorsitzende<\/td><td >Irmgard Schmitz<\/td><\/tr><tr><td ><\/span><span style=\"line-height: 1.5;\">Schatzmeisterin<\/td><td >Sissy Buschmann<\/td><\/tr><tr><td ><\/span><span style=\"line-height: 1.5;\">Schriftf\u00fchrerin<\/td><td >Christa Schattner<\/td><\/tr><tr><td ><\/span><\/span>E-Mail<\/td><td >kbfv(at)stclemens-kaldenkirchen.de<\/td><\/tr><tr><td >Internet<\/td><td >kbfv.stclemens-kaldenkirchen.de<\/td><\/tr><tr><td ><span style=\"color: #000000;\"><span style=\"line-height: 1.5;\"><\/td><\/tr><\/table><\/span><\/span><\/p>\n<p><span style=\"font-size: 14pt; font-family: comic sans ms,sans-serif; color: #ff00ff;\">Bankverbindung:<\/span><\/p>\n<p><span style=\"font-size: 14pt; font-family: comic sans ms,sans-serif;\">Volksbank Krefeld e.G.<\/span><br \/>\n<span style=\"font-size: 14pt; font-family: comic sans ms,sans-serif;\"> BLZ: 320 603 62, Konto-Nr: 19211010<\/span><br \/>\n<span style=\"font-size: 14pt; font-family: comic sans ms,sans-serif;\"> IBAN: DE67 3206 0362 0019 2110 10<\/span><\/p>\n<p><span style=\"font-size: 14pt; font-family: comic sans ms,sans-serif;\">Sparkasse Krefeld<\/span><br \/>\n<span style=\"font-size: 14pt; font-family: comic sans ms,sans-serif;\"> BLZ: 320 500 00, Konto-Nr: 238584<\/span><br \/>\n<span style=\"font-size: 14pt; font-family: comic sans ms,sans-serif;\"> IBAN: DE37 3205 0000 0000 2385 84<\/span><\/p>\n","protected":false},"excerpt":{"rendered":"<p>&nbsp; Kirchbauf\u00f6rderverein der Pfarre St. Clemens e.V. AnschriftKehrstra\u00dfe 30, 41334 Nettetal1. VorsitzenderManfred Schomm2. VorsitzendeIrmgard SchmitzSchatzmeisterinSissy BuschmannSchriftf\u00fchrerinChrista SchattnerE-Mailkbfv(at)stclemens-kaldenkirchen.deInternetkbfv.stclemens-kaldenkirchen.de Bankverbindung: Volksbank Krefeld e.G. BLZ: 320 603 62, Konto-Nr: 19211010 IBAN: DE67 3206 0362 0019 2110 10 Sparkasse Krefeld BLZ: 320 500 00, Konto-Nr: 238584 IBAN: DE37 3205 0000 0000 2385 84<\/p>\n","protected":false},"author":1,"featured_media":0,"parent":0,"menu_order":0,"comment_status":"closed","ping_status":"closed","template":"","meta":[],"_links":{"self":[{"href":"http:\/\/kbfv.stclemens-kaldenkirchen.de\/index.php?rest_route=\/wp\/v2\/pages\/2"}],"collection":[{"href":"http:\/\/kbfv.stclemens-kaldenkirchen.de\/index.php?rest_route=\/wp\/v2\/pages"}],"about":[{"href":"http:\/\/kbfv.stclemens-kaldenkirchen.de\/index.php?rest_route=\/wp\/v2\/types\/page"}],"author":[{"embeddable":true,"href":"http:\/\/kbfv.stclemens-kaldenkirchen.de\/index.php?rest_route=\/wp\/v2\/users\/1"}],"replies":[{"embeddable":true,"href":"http:\/\/kbfv.stclemens-kaldenkirchen.de\/index.php?rest_route=%2Fwp%2Fv2%2Fcomments&post=2"}],"version-history":[{"count":5,"href":"http:\/\/kbfv.stclemens-kaldenkirchen.de\/index.php?rest_route=\/wp\/v2\/pages\/2\/revisions"}],"predecessor-version":[{"id":42,"href":"http:\/\/kbfv.stclemens-kaldenkirchen.de\/index.php?rest_route=\/wp\/v2\/pages\/2\/revisions\/42"}],"wp:attachment":[{"href":"http:\/\/kbfv.stclemens-kaldenkirchen.de\/index.php?rest_route=%2Fwp%2Fv2%2Fmedia&parent=2"}],"curies":[{"name":"wp","href":"https:\/\/api.w.org\/{rel}","templated":true}]}}

<p>&nbsp;</p>
<p><span style="font-size: 18pt; font-family: comic sans ms,sans-serif; color: #ff00ff;">Kirchbauförderverein der Pfarre St. Clemens e.V.</span></p>
<p><span style="color: #000000;"><span style="line-height: 1.5;"><table class='simple-table'     style="font-size: 14pt; font-family: comic sans ms,sans-serif;" width='100%'><tbody><tr><td >Anschrift</td><td >Kehrstraße 30, 41334 Nettetal</td></tr><tr><td ></span><span style="line-height: 1.5;">1. Vorsitzender</td><td >Manfred Schomm</td></tr><tr><td ></span><span style="line-height: 1.5;">2. Vorsitzende</td><td >Irmgard Schmitz</td></tr><tr><td ></span><span style="line-height: 1.5;">Schatzmeisterin</td><td >Sissy Buschmann</td></tr><tr><td ></span><span style="line-height: 1.5;">Schriftführerin</td><td >Christa Schattner</td></tr><tr><td ></span></span>E-Mail</td><td >kbfv(at)stclemens-kaldenkirchen.de</td></tr><tr><td >Internet</td><td >kbfv.stclemens-kaldenkirchen.de</td></tr><tr><td ><span style="color: #000000;"><span style="line-height: 1.5;"></td></tr></table></span></span></p>
<p><span style="font-size: 14pt; font-family: comic sans ms,sans-serif; color: #ff00ff;">Bankverbindung:</span></p>
<p><span style="font-size: 14pt; font-family: comic sans ms,sans-serif;">Volksbank Krefeld e.G.</span><br />
<span style="font-size: 14pt; font-family: comic sans ms,sans-serif;"> BLZ: 320 603 62, Konto-Nr: 19211010</span><br />
<span style="font-size: 14pt; font-family: comic sans ms,sans-serif;"> IBAN: DE67 3206 0362 0019 2110 10</span></p>
<p><span style="font-size: 14pt; font-family: comic sans ms,sans-serif;">Sparkasse Krefeld</span><br />
<span style="font-size: 14pt; font-family: comic sans ms,sans-serif;"> BLZ: 320 500 00, Konto-Nr: 238584</span><br />
<span style="font-size: 14pt; font-family: comic sans ms,sans-serif;"> IBAN: DE37 3205 0000 0000 2385 84</span></p>

<p>&nbsp; Kirchbauförderverein der Pfarre St. Clemens e.V. AnschriftKehrstraße 30, 41334 Nettetal1. VorsitzenderManfred Schomm2. VorsitzendeIrmgard SchmitzSchatzmeisterinSissy BuschmannSchriftführerinChrista SchattnerE-Mailkbfv(at)stclemens-kaldenkirchen.deInternetkbfv.stclemens-kaldenkirchen.de Bankverbindung: Volksbank Krefeld e.G. BLZ: 320 603 62, Konto-Nr: 19211010 IBAN: DE67 3206 0362 0019 2110 10 Sparkasse Krefeld BLZ: 320 500 00, Konto-Nr: 238584 IBAN: DE37 3205 0000 0000 2385 84</p>
