{"id":34,"date":"2014-01-01T21:11:32","date_gmt":"2014-01-01T19:11:32","guid":{"rendered":"http:\/\/kbfv.stclemens-kaldenkirchen.de\/?page_id=34"},"modified":"2014-08-13T13:26:02","modified_gmt":"2014-08-13T11:26:02","slug":"geschichte","status":"publish","type":"page","link":"http:\/\/kbfv.stclemens-kaldenkirchen.de\/?page_id=34","title":{"rendered":"Geschichte des Kirchturms"},"content":{"rendered":"<p>Der elegante, sehr landschaftstypische sp\u00e4tgotische Kirchturm von St. Clemens ist das \u00e4lteste, das h\u00f6chste, das unverwechselbarste Bauwerk Kaldenkirchens. Es pr\u00e4gt die Silhouette der Stadt.<\/p>\n<p>Im Jahre 1487 nahmen die Kaldenkirchener beim Venloer Kreuzherrenkloster ein Darlehen von 260 rheinischen Goldgulden auf und errichteten den heute mithin 525 Jahre alten Turm. 1903 wurde der Turmhelm ver\u00e4ndert und um 28 Meter deutlich erh\u00f6ht. Im Turm mit seinem \u00e4u\u00dferlich charakteristischen Wechsel von gebrannten Ziegeln und Natursteinb\u00e4ndern befinden sich zwei wertvolle Glocken aus den Jahren 1425 und 1426.<\/p>\n<p>Der Turm hatte mehrere Aufgaben: in Kriegszeiten war er Wachtturm, den Menschen war er mit seiner Uhr der einzige Ort einer verbindlichen \u00f6ffentlichen Zeitangabe und nat\u00fcrlich lud sein Gel\u00e4ute ein zum Gottesdienst und zu den wichtigsten Ereignissen im Leben der Gemeinde, Hochzeiten, Taufen und Beerdigungen. Dieses durch Alter und Funktionen ehrw\u00fcrdige Bauwerk hat es verdient, f\u00fcr ein weiteres halbes Jahrtausend erhalten zu werden.<\/p>\n<p><span style=\"font-style: italic;\">Prof. Dr. Leo Peters, Kaldenkirchen<\/span><\/p>\n","protected":false},"excerpt":{"rendered":"<p>Der elegante, sehr landschaftstypische sp\u00e4tgotische Kirchturm von St. Clemens ist das \u00e4lteste, das h\u00f6chste, das unverwechselbarste Bauwerk Kaldenkirchens. Es pr\u00e4gt die Silhouette der Stadt. Im Jahre 1487 nahmen die Kaldenkirchener beim Venloer Kreuzherrenkloster ein Darlehen von 260 rheinischen Goldgulden auf und errichteten den heute mithin 525 Jahre alten Turm. 1903 wurde der Turmhelm ver\u00e4ndert und &hellip; <a href=\"http:\/\/kbfv.stclemens-kaldenkirchen.de\/?page_id=34\" class=\"more-link\"><span class=\"screen-reader-text\">Geschichte des Kirchturms<\/span> weiterlesen <span class=\"meta-nav\">&rarr;<\/span><\/a><\/p>\n","protected":false},"author":1,"featured_media":0,"parent":0,"menu_order":0,"comment_status":"closed","ping_status":"closed","template":"","meta":[],"_links":{"self":[{"href":"http:\/\/kbfv.stclemens-kaldenkirchen.de\/index.php?rest_route=\/wp\/v2\/pages\/34"}],"collection":[{"href":"http:\/\/kbfv.stclemens-kaldenkirchen.de\/index.php?rest_route=\/wp\/v2\/pages"}],"about":[{"href":"http:\/\/kbfv.stclemens-kaldenkirchen.de\/index.php?rest_route=\/wp\/v2\/types\/page"}],"author":[{"embeddable":true,"href":"http:\/\/kbfv.stclemens-kaldenkirchen.de\/index.php?rest_route=\/wp\/v2\/users\/1"}],"replies":[{"embeddable":true,"href":"http:\/\/kbfv.stclemens-kaldenkirchen.de\/index.php?rest_route=%2Fwp%2Fv2%2Fcomments&post=34"}],"version-history":[{"count":2,"href":"http:\/\/kbfv.stclemens-kaldenkirchen.de\/index.php?rest_route=\/wp\/v2\/pages\/34\/revisions"}],"predecessor-version":[{"id":124,"href":"http:\/\/kbfv.stclemens-kaldenkirchen.de\/index.php?rest_route=\/wp\/v2\/pages\/34\/revisions\/124"}],"wp:attachment":[{"href":"http:\/\/kbfv.stclemens-kaldenkirchen.de\/index.php?rest_route=%2Fwp%2Fv2%2Fmedia&parent=34"}],"curies":[{"name":"wp","href":"https:\/\/api.w.org\/{rel}","templated":true}]}}

<p>Der elegante, sehr landschaftstypische spätgotische Kirchturm von St. Clemens ist das älteste, das höchste, das unverwechselbarste Bauwerk Kaldenkirchens. Es prägt die Silhouette der Stadt.</p>
<p>Im Jahre 1487 nahmen die Kaldenkirchener beim Venloer Kreuzherrenkloster ein Darlehen von 260 rheinischen Goldgulden auf und errichteten den heute mithin 525 Jahre alten Turm. 1903 wurde der Turmhelm verändert und um 28 Meter deutlich erhöht. Im Turm mit seinem äußerlich charakteristischen Wechsel von gebrannten Ziegeln und Natursteinbändern befinden sich zwei wertvolle Glocken aus den Jahren 1425 und 1426.</p>
<p>Der Turm hatte mehrere Aufgaben: in Kriegszeiten war er Wachtturm, den Menschen war er mit seiner Uhr der einzige Ort einer verbindlichen öffentlichen Zeitangabe und natürlich lud sein Geläute ein zum Gottesdienst und zu den wichtigsten Ereignissen im Leben der Gemeinde, Hochzeiten, Taufen und Beerdigungen. Dieses durch Alter und Funktionen ehrwürdige Bauwerk hat es verdient, für ein weiteres halbes Jahrtausend erhalten zu werden.</p>
<p><span style="font-style: italic;">Prof. Dr. Leo Peters, Kaldenkirchen</span></p>

<p>Der elegante, sehr landschaftstypische spätgotische Kirchturm von St. Clemens ist das älteste, das höchste, das unverwechselbarste Bauwerk Kaldenkirchens. Es prägt die Silhouette der Stadt. Im Jahre 1487 nahmen die Kaldenkirchener beim Venloer Kreuzherrenkloster ein Darlehen von 260 rheinischen Goldgulden auf und errichteten den heute mithin 525 Jahre alten Turm. 1903 wurde der Turmhelm verändert und &hellip; <a href="http://kbfv.stclemens-kaldenkirchen.de/?page_id=34" class="more-link"><span class="screen-reader-text">Geschichte des Kirchturms</span> weiterlesen <span class="meta-nav">&rarr;</span></a></p>
